factors of y?
1759
Let g(v) = 38*v**2 - 9*v - 81. List the prime factors of g(-9).
2, 3, 19
Let s = -2 - -4. Let i = -21 - -84. What are the prime factors of i/4 - s/(-8)?
2
Let q(x) = 3*x - 11. Let p be q(8). Let i(n) = 2*n + 9. List the prime factors of i(p).
5, 7
Let u(f) = -f. Let a(p) = 40*p**3 - 2*p**2 - 5*p. Let j(c) = -a(c) + 4*u(c). List the prime factors of j(-1).
41
Let b be 12/((-16)/(-4)) - (2 - 1). Suppose 0*w - 5*w = -3*z - 975, -3*z = b*w - 411. List the prime factors of w.
2, 3, 11
Let r = -60 - -62. Suppose 0*c + 2*c = 3*t - 651, r*t = 3*c + 439. List the prime factors of t.
5, 43
Let o(n) = n - 3 + 11 - 113*n**3 - 7. What are the prime factors of o(-1)?
113
Suppose -3*u = -2*g - 314, 4*g - 158 = -5*u + 380. List the prime factors of u.
2, 53
Let s be ((-1044)/18)/((-2)/4). Suppose s = -9*r + 13*r. Suppose 0 = -d + 14 + r. What are the prime factors of d?
43
Let c be 2 + 2 - 1/(-1). Suppose 3*z = -0*z + h + 293, z + c*h - 103 = 0. List the prime factors of z.
2, 7
Suppose 3*a + 3 = 18. Suppose -a*h - 3*r + 6*r = -298, 2*h - 2*r = 120. Let s = -9 + h. What are the prime factors of s?
2, 5
Let j(v) = 14*v - 12. Let i(y) = y**3 + 2*y**2 - 3*y - 3. Let p be i(-2). List the prime factors of j(p).
2, 3, 5
Suppose -7*z + 16 = z. Suppose -213 = -z*t + v + 4*v, 5*t - 3*v = 561. What are the prime factors of t?
2, 3, 19
Let o be 3 + (-4)/(-12)*-3. Let f be (1/2)/(o/24). List the prime factors of 116/f - 2/(-3).
2, 5
Suppose -l = 3*l + 5*x + 404, 400 = -4*l - 4*x. List the prime factors of 6/(-2)*l/9.
2
Let u(n) = n**2 + 3*n + 7. Let d be u(-3). Let x(z) = z**3 - 4*z**2 + 6*z + 30. List the prime factors of x(d).
3, 73
Let d(z) = -13*z + 2. Let v(j) = 19*j - 3. Let h(p) = 7*d(p) + 5*v(p). Suppose -2*o + 12 = -2. List the prime factors of h(o).
3
List the prime factors of (-8708)/(-7) + (5 + -1)*-1.
2, 5, 31
Suppose -290 = -4*i + 798. What are the prime factors of i?
2, 17
Let c(k) = 21*k**2 + 1 - 4 - 14*k**2 + 5*k + k**3 + 0*k**3. Let v be c(-5). Let l = -15 + v. List the prime factors of l.
7
Let u(f) = -2*f - 8 - 5*f + 4*f. Let p be u(-4). Suppose 35 + 97 = 4*m - 2*l, p*l - 108 = -4*m. List the prime factors of m.
31
What are the prime factors of 3/(9/24576*2)?
2
Suppose c = -c + 6. Suppose -6*p = -c*p - 4*v + 4, 4*p - v = 12. Suppose -w = -2*m + w + 8, -2*m + p*w = -6. List the prime factors of m.
5
Let a(f) = 2*f**3 - 1. Let j be a(2). Let q = j - 34. Let r = 28 - q. List the prime factors of r.
47
Suppose 2004*a - 2005*a + 1602 = 0. What are the prime factors of a?
2, 3, 89
Suppose 2*g + 684 = 3*b, 2*g + 917 = 4*b + g. Let d = b - 63. List the prime factors of d.
167
What are the prime factors of -8 - (-3853 + (-2 - -8))?
11, 349
Let o(a) = 3*a - 27. Let f be o(18). Suppose -3*j + 6*j = f. List the prime factors of j.
3
Let z(c) = 2*c**3 - c**2 - 5*c + 3. Let t = 44 - 40. What are the prime factors of z(t)?
5, 19
Suppose -l + 56*p = 51*p - 1131, -5*l + 5745 = 5*p. What are the prime factors of l?
2, 3, 191
Suppose -4*q + 9593 = 5*h, 5*q + 4*h - h - 12001 = 0. List the prime factors of q.
2, 1201
Let g be (3*10/6)/1. Suppose -3 = -g*n + 17. Suppose 2*s - 6 = -0*s - 2*v, -n*v - 12 = s. List the prime factors of s.
2
Let z = -91 - -49. List the prime factors of (28 + -3)*z/(-10).
3, 5, 7
Let g(o) = -12*o - 7. Let t = 20 - 16. Let m = -9 + t. What are the prime factors of g(m)?
53
Suppose 3*s - 97 = -4*j + 62, 205 = 5*j + 5*s. Let c be 297/j - (-1)/(-4). Let q(n) = n**3 - 8*n**2 + 4*n - 7. What are the prime factors of q(c)?
5
Suppose 2*x + 132 = 2*t - x, 0 = 2*x - 8. Suppose 2*j = 3*j - t. List the prime factors of j.
2, 3
Let a = -601 - -729. What are the prime factors of a?
2
Let s = 34 - 19. Suppose -s = u - 17. List the prime factors of u.
2
Let l(t) = -t**3 - 19*t**2 + 32*t - 30. Let p be l(-23). What are the prime factors of p/175*(1 + 7 + -1)?
2, 3
Suppose 0 = -26*p + 23*p + 3, -2*p + 2672 = 5*l. What are the prime factors of l?
2, 3, 89
Suppose 0*f + 35 = 3*l - f, 0 = -l + 4*f + 8. Let v be 57 + 1/((-3)/l). Let c = 88 - v. List the prime factors of c.
5, 7
What are the prime factors of 820/(-8)*132/(-10)?
3, 11, 41
Suppose 17 = -l + 5*u, 5*u = -2*l + 27 + 14. Suppose 3*n + 915 = l*n. What are the prime factors of n?
3, 61
Let n be (0/3)/(-7 + 9). Suppose 85 = 5*b + 5*l, -l + 47 = -n*b + 3*b. List the prime factors of (-3)/(-9) - (-475)/b.
2
Let y = 5424 + -3358. What are the prime factors of y?
2, 1033
What are the prime factors of (-105)/84 - (2 + (-17442)/8)?
7, 311
Let g(y) = y + 1. Let u(x) = -3*x - 9. Let w(m) = -4*g(m) - u(m). Suppose -6*a + 7 = 37. List the prime factors of w(a).
2, 5
Suppose -17 + 23 = 2*i. List the prime factors of 30/(-4)*(i + -5).
3, 5
Let k = 156 + -191. Let p = 1 - 63. Let o = k - p. List the prime factors of o.
3
Let y be ((-45)/2)/((-78)/104). Let x(t) = -t**2 + 8*t - 9. Let v be x(6). Suppose -v*z + 21 + y = 0. What are the prime factors of z?
17
Let s = -6462 - -9592. What are the prime factors of s?
2, 5, 313
What are the prime factors of (-1)/4*-26*1550/31?
5, 13
Let c(v) = -4*v. Let u = 1 + -4. Let q be c(u). Suppose g - 3*j = q, -5*g + g + 4*j = -80. What are the prime factors of g?
2, 3
Suppose -y + 0*b = 5*b + 13, 3*y = -2*b. List the prime factors of 1/(5*y/590).
59
Suppose -2*k = -5*f - 33, -2*k = -3*f + 7*f - 42. Let m = k + -13. What are the prime factors of (-96)/(-14)*(m - -1)?
2, 3
Let a be ((-5)/2)/(-5)*228. Let j = a - 52. List the prime factors of j.
2, 31
Suppose 0 = -5*b + 195 + 785. Let h = -123 + b. What are the prime factors of h?
73
Let u = 40 - 64. List the prime factors of (-2)/8 - 2286/u.
5, 19
Suppose -20*z + 19187 = -1013. List the prime factors of z.
2, 5, 101
Let x(r) = 206*r**2 + 6*r + 2. What are the prime factors of x(-2)?
2, 11, 37
Suppose -1208 + 13192 = 4*c. What are the prime factors of c?
2, 7, 107
Suppose 145 = -a - 5*f, -3*a - 4*f - 385 = f. Let j = 194 + a. What are the prime factors of j?
2, 37
Let p be 5/(-30) + 4677/(-18). Let c = -136 - p. What are the prime factors of c?
2, 31
Let u(c) = c**3 + 13*c**2 - 13*c + 17. Let h be u(-15). Let i = h + 390. List the prime factors of i.
2, 19
Suppose -3*z = 3*o - 10 - 95, 5*z + 35 = o. Let k = 126 + o. List the prime factors of k.
7, 23
Suppose 8*p - 306 = 3118. What are the prime factors of p?
2, 107
Let j(w) = 211*w - 2. Let v be j(2). Suppose 0 = -5*q + v + 165. What are the prime factors of q?
3, 13
Suppose 7*y + 4*g - 40 = 3*y, -4*g - 8 = -4*y. Suppose y*n = 3*n. Suppose -3*v - 129 = -4*o, -5*o + n*v + 4*v + 162 = 0. List the prime factors of o.
2, 3, 5
Let n = 4 + 0. Suppose 4*d = 2*r - 4, 0 = 2*d - 5*d - 2*r + n. Suppose g + d*g = -3*x + 92, -2*g - 2 = 0. What are the prime factors of x?
31
Let m(f) = f**2 - 23*f + 48. Let s be m(21). Suppose 4*t - 3*i - 31 = 0, -t + 2*i = i - 7. What are the prime factors of t/s*(5 - 2)?
5
Let i = -7 + 9. Let a be i/(-7) + 114/7. Suppose a = 9*u - 7*u. List the prime factors of u.
2
Suppose 51*h - 20 = 55*h. List the prime factors of (4/h)/(18/(-3285)).
2, 73
Let d(q) = -q**2 - 13*q - 8. Let b(s) = -s + 9. Let z(m) = -14*m**3 + 1. Let h be z(-1). Let v be b(h). List the prime factors of d(v).
2, 17
Suppose -21*m = -17*m + 5*b - 2531, 0 = -3*m + 3*b + 1932. List the prime factors of m.
3, 71
Suppose 0 = -5*b + 5*i + 6590, 3*b + 9*i - 5*i = 3961. What are the prime factors of b?
1319
Let o(k) = k**3 - 7*k**2 - 7*k + 1. Let h be (6/(-4))/(11/(-22)). Let x(z) = z**2 - z + 2. Let t be x(h). What are the prime factors of o(t)?
3
Suppose 22*p = -23*p + 208845. What are the prime factors of p?
3, 7, 13, 17
Suppose 28*w = -17*w + 60390. List the prime factors of w.
2, 11, 61
Let z(r) be the third derivative of r**5/20 - 7*r**4/12 + 4*r**3/3 - 9*r**2. Let i be z(7). Let l = 109 - i. What are the prime factors of l?
2, 13
List the prime factors of (900/(-35))/((-6)/63).
2, 3, 5
Let l = -18 - -8. Let q be 5/(10/6) + l. Let o(w) = -w**3 - 5*w**2 + 7*w - 4. List the prime factors of o(q).
3, 5
Let d(o) = o - 1. Let n be d(1). Let b(g) = g**2 + g + 48. List the prime factors of b(n).
2, 3
Let h(w) = -26*w + 10. Let q be ((-2)/(-6))/((-6)/18) - 2. What are the prime factors of h(q)?
2, 11
Let h(f) = -f + 9. Suppose -4*y = -7*y + 21. Let q be h(y). Suppose q*s = -8 + 98. What are